test common factor of 390 and 546.
78
Calculate the greatest common divisor of 3013 and 23.
23
What is the highest common divisor of 3231 and 6?
3
Calculate the greatest common factor of 765 and 2210.
85
What is the greatest common divisor of 144 and 2664?
72
Calculate the greatest common divisor of 9954 and 630.
126
Calculate the highest common divisor of 23783 and 17.
17
What is the highest common factor of 75 and 21?
3
Calculate the highest common factor of 6 and 591.
3
What is the greatest common divisor of 1600 and 20?
20
Calculate the greatest common divisor of 22 and 33.
11
What is the highest common divisor of 8575 and 15?
5
Calculate the greatest common factor of 504 and 45.
9
Calculate the highest common divisor of 475 and 5.
5
Calculate the highest common divisor of 39 and 1872.
39
What is the highest common factor of 2132 and 52?
52
What is the highest common factor of 513 and 38?
19
What is the greatest common divisor of 1173 and 34?
17
Calculate the greatest common divisor of 254 and 1016.
254
What is the highest common factor of 600 and 3?
3
What is the highest common factor of 108 and 31212?
108
Calculate the highest common factor of 8016 and 432.
48
Calculate the greatest common factor of 25702 and 142.
142
What is the greatest common divisor of 48 and 2512?
16
Calculate the greatest common factor of 134 and 2.
2
Calculate the highest common factor of 1275 and 975.
75
What is the greatest common factor of 57 and 3838?
19
Calculate the highest common factor of 803 and 146.
73
What is the greatest common factor of 340 and 782?
34
What is the greatest common factor of 9280 and 256?
64
Calculate the greatest common factor of 8 and 29560.
8
What is the greatest common divisor of 1326 and 204?
102
What is the highest common factor of 34 and 2686?
34
Calculate the highest common divisor of 2464 and 56.
56
Calculate the greatest common divisor of 224 and 288.
32
Calculate the greatest common factor of 28 and 91.
7
What is the highest common factor of 13 and 1079?
13
What is the greatest common divisor of 2356 and 266?
38
Calculate the highest common divisor of 3843 and 63.
63
Calculate the highest common divisor of 160 and 410.
10
Calculate the highest common divisor of 132 and 354.
6
What is the highest common divisor of 18 and 144?
18
Calculate the highest common divisor of 2 and 446.
2
What is the highest common factor of 494 and 38?
38
Calculate the highest common divisor of 318 and 42.
6
Calculate the greatest common factor of 185 and 215.
5
What is the highest common factor of 1189 and 29?
29
What is the highest common divisor of 155 and 186?
31
Calculate the highest common divisor of 532 and 380.
76
What is the greatest common factor of 156 and 240?
12
Calculate the highest common divisor of 75 and 105.
15
What is the highest common divisor of 261 and 9?
9
What is the greatest common divisor of 60 and 8625?
15
What is the greatest common factor of 4040 and 10?
10
What is the highest common factor of 164 and 943?
41
Calculate the highest common factor of 92 and 26.
2
Calculate the highest common divisor of 429 and 66.
33
What is the highest common divisor of 51 and 816?
51
Calculate the greatest common divisor of 352 and 128.
32
What is the highest common divisor of 40 and 424?
8
Calculate the greatest common factor of 119 and 51.
17
Calculate the greatest common factor of 2419 and 472.
59
Calculate the greatest common divisor of 16 and 48.
16
Calculate the greatest common factor of 858 and 44.
22
What is the greatest common factor of 3654 and 58?
58
Calculate the highest common factor of 45 and 738.
9
What is the highest common factor of 88 and 72?
8
Calculate the greatest common factor of 210 and 112.
14
What is the greatest common factor of 58 and 87?
29
What is the highest common divisor of 1106 and 14?
14
What is the highest common factor of 824 and 8?
8
What is the highest common factor of 452 and 4181?
113
Calculate the greatest common divisor of 18 and 186.
6
What is the highest common divisor of 27 and 657?
9
What is the highest common divisor of 27864 and 9?
9
Calculate the greatest common divisor of 26 and 702.
26
What is the highest common factor of 486 and 54?
54
Calculate the highest common divisor of 7719 and 332.
83
What is the greatest common factor of 486 and 1782?
162
Calculate the highest common factor of 72 and 225.
9
What is the highest common factor of 70 and 4466?
14
Calculate the greatest common factor of 78 and 2236.
26
What is the greatest common factor of 165 and 6237?
33
What is the greatest common factor of 144 and 80?
16
Calculate the greatest common divisor of 12 and 1050.
6
What is the greatest common factor of 131 and 95499?
131
Calculate the highest common divisor of 36 and 1392.
12
Calculate the highest common divisor of 854 and 610.
122
What is the greatest common factor of 84 and 60?
12
What is the greatest common divisor of 36 and 1368?
36
Calculate the highest common divisor of 1694 and 22.
22
What is the greatest common divisor of 204 and 36?
12
What is the greatest common divisor of 216 and 16056?
72
What is the highest common divisor of 360 and 40?
40
What is the greatest common divisor of 207 and 115?
23
Calculate the greatest common factor of 528 and 396.
132
What is the greatest common divisor of 27 and 54?
27
Calculate the highest common divisor of 23 and 2047.
23
Calculate the greatest common factor of 91 and 650.
13
Calculate the greatest common divisor of 192 and 120.
24
What is the greatest common divisor of 28 and 32?
4
Calculate the highest common factor of 24485 and 590.
295
Calculate the highest common divisor of 6 and 5034.
6
Calculate the greatest common divisor of 32 and 692.
4
What is the highest common divisor of 201 and 12462?
201
What is the highest common factor of 549 and 305?
61
What is the highest common factor of 28 and 84?
28
Calculate the greatest common factor of 7171 and 213.
71
Calculate the highest common divisor of 88 and 6072.
88
What is the highest common factor of 608 and 128?
32
What is the greatest common factor of 21192 and 24?
24
What is the highest common factor of 20 and 95?
5
What is the greatest common factor of 54 and 3750?
6
Calculate the highest common divisor of 532 and 3344.
76
Calculate the greatest common divisor of 10 and 56.
2
Calculate the highest common factor of 16121 and 47.
47
Calculate the greatest common factor of 746 and 2.
2
Calculate the greatest common factor of 36 and 492.
12
What is the highest common factor of 49 and 7?
7
What is the highest common divisor of 81 and 8532?
27
What is the highest common factor of 36 and 12?
12
What is the highest common divisor of 225 and 90?
45
What is the highest common divisor of 3629 and 2483?
191
What is the greatest common divisor of 27378 and 162?
162
What is the highest common divisor of 204 and 561?
51
Calculate the highest common divisor of 3 and 48.
3
Calculate the highest common divisor of 12 and 2148.
12
Calculate the highest common factor of 7 and 23387.
7
What is the highest common factor of 189 and 675?
27
Calculate the greatest common factor of 160 and 560.
80
Calculate the highest common divisor of 24 and 11976.
24
What is the greatest common divisor of 28 and 196?
28
Calculate the greatest common divisor of 8 and 1588.
4
Calculate the greatest common factor of 994 and 14.
14
Calculate the highest common factor of 363 and 88.
11
What is the highest common factor of 121 and 44?
11
Calculate the highest common factor of 10168 and 93.
31
What is the highest common factor of 5292 and 648?
108
What is the greatest common divisor of 112 and 644?
28
What is the highest common factor of 132 and 6138?
66
What is the greatest common divisor of 76 and 817?
19
What is the greatest common divisor of 96 and 348?
12
Calculate the highest common factor of 18 and 90.
18
Calculate the highest common divisor of 1845 and 5.
5
Calculate the greatest common divisor of 260 and 120.
20
Calculate the greatest common divisor of 20 and 45.
5
What is the greatest common divisor of 30 and 1059?
3
What is the greatest common divisor of 2 and 1502?
2
What is the greatest common divisor of 1 and 809?
1
Calculate the highest common divisor of 392 and 7.
7
Calculate the highest common factor of 330 and